- 7224. What is h(-7)?
0
Let u(p) = -2*p**2 + 43*p - 32. What is u(17)?
121
Let x(k) = 266*k - 9789. What is x(37)?
53
Let h(i) = 9*i**2 - 618*i - 200. What is h(69)?
7
Let c(u) = -u**3 - 6*u**2 - 232*u - 1395. Determine c(-6).
-3
Let b(h) = -3*h + 185. What is b(22)?
119
Let b(x) = 8*x**2 + 307*x - 193. Give b(-39).
2
Let q(v) = -393*v**2 + 3*v + 1. Calculate q(-1).
-395
Let h(u) = -50*u**3 - u**2 - 4*u + 5. Give h(1).
-50
Let n(p) = -4*p**2 + 104*p + 130. Determine n(27).
22
Let f(w) = w**3 + 28*w**2 + 121*w + 164. What is f(-23)?
26
Let b(a) = 5*a**2 + 11*a - 34. Give b(-5).
36
Let c(m) = 2*m**3 + 11*m**2 + 37*m + 262. What is c(-6)?
4
Let d(p) = 4*p**2 + 23*p - 12. What is d(0)?
-12
Let p(h) = 2*h**3 + 75*h**2 - 201*h - 22. Give p(-40).
18
Let p(a) = 376*a - 20316. Give p(54).
-12
Let y(d) = -30*d**2 + 207*d + 14. Determine y(7).
-7
Let n(p) = 3*p**2 + 356*p - 353. What is n(1)?
6
Let p(g) = 55*g + 791. Calculate p(-14).
21
Let l(c) = -128*c**2 - 3705*c + 210. What is l(-29)?
7
Let f(h) = h**2 - 24*h - 25. Calculate f(21).
-88
Let y(s) = -2*s**3 - 15*s**2 + 84*s + 83. Give y(-11).
6
Let a(b) = b**3 - 11*b**2 + 36*b - 47. Determine a(7).
9
Let u(n) = n**3 - 21*n**2 + 51*n - 264. Determine u(19).
-17
Let b(o) = 30*o - 54. Give b(-9).
-324
Let q(i) = 3*i**2 - 23*i + 73. Give q(4).
29
Let a(y) = 20*y**2 + 57*y + 341. Determine a(-6).
719
Let d(t) = -4*t**2 + 101*t - 359. What is d(21)?
-2
Let u(y) = y**3 + 8*y**2 - 7*y - 88. Calculate u(-7).
10
Let v(l) = -75*l - 421. Calculate v(-9).
254
Let y(g) = -3*g**2 + 244*g + 200. Determine y(82).
36
Let b(p) = -318*p**2 + p - 12. Give b(0).
-12
Let f(w) = -11*w - 55. Give f(9).
-154
Let w(x) = -7370*x + 29506. Give w(4).
26
Let d(w) = -177*w + 1297. Give d(10).
-473
Let b(j) = 10*j**2 - 26*j - 4. Give b(2).
-16
Let b(c) = 66*c - 4. What is b(-3)?
-202
Let p(b) = 6*b**2 - 180*b. Determine p(30).
0
Let m(g) = -220*g + 5351. Calculate m(25).
-149
Let u(y) = -y**3 + 210*y**2 + 5108*y + 41. Give u(-22).
-47
Let o(b) = -b**3 + 30*b**2 + 99*b + 50. Determine o(33).
50
Let f(h) = -h**3 - 11*h**2 + 5*h + 9. Give f(-6).
-201
Let r(m) = -m**3 + 61*m - 2. Determine r(-8).
22
Let z(p) = 2*p - 110. Give z(-29).
-168
Let o(y) = -y**3 + 21*y**2 - 93*y - 81. Calculate o(14).
-11
Let d(p) = p**3 - 10*p**2 - 65*p - 20. Give d(-6).
-206
Let g(l) = 150*l - 3603. Calculate g(24).
-3
Let r(o) = 279*o - 254. Calculate r(1).
25
Let k(y) = 14*y**2 + 6*y - 16. What is k(4)?
232
Let b(y) = 22*y - 243. Calculate b(9).
-45
Let w(g) = g**2 - 220*g + 6621. Determine w(184).
-3
Let z(q) = 7*q**2 - 28*q - 143. What is z(7)?
4
Let t(k) = k**3 - 6*k**2 - 8*k + 67. Give t(4).
3
Let r(o) = o**3 + 16*o**2 + 20*o + 109. What is r(-15)?
34
Let t(z) = -4*z**2 - 49*z + 6. Determine t(-7).
153
Let d(m) = 481*m - 10101. Calculate d(21).
0
Let b(z) = 114*z**2 - 630*z + 293. Determine b(5).
-7
Let b(c) = c**2 - 25*c - 1367. What is b(52)?
37
Let g(x) = -19*x + 322. Give g(17).
-1
Let y(x) = -10*x**2 + 41*x - 281. What is y(8)?
-593
Let g(k) = -k**2 + 316*k - 24277. What is g(132)?
11
Let p(g) = 571*g - 7004. What is p(12)?
-152
Let h(n) = n + 90. What is h(-87)?
3
Let b(f) = 203*f + 665. Calculate b(-3).
56
Let b(d) = -10*d**3 + 7*d**2 - 5*d + 3. Give b(2).
-59
Let d(y) = y**2 - 2*y - 757. Give d(-27).
26
Let v(t) = 20*t**3 - 2*t**2 + 4*t + 6. Determine v(-1).
-20
Let f(u) = u**3 + 7*u**2 - 3*u - 81. Give f(-7).
-60
Let b(h) = -41*h**2 - 29*h - 32. Give b(-1).
-44
Let c(g) = 838*g - 13407. Calculate c(16).
1
Let h(g) = 253*g**2 + 6*g. Give h(1).
259
Let i(d) = d**3 + 33*d**2 + 256*d - 187. What is i(-19)?
3
Let g(l) = l**3 - 15*l**2 - 216*l - 56. Determine g(24).
-56
Let j(a) = -2*a**3 + 9*a**2 - 5*a + 16. Determine j(4).
12
Let u(o) = 7*o**2 - 18*o - 209. What is u(-10)?
671
Let w(v) = 418*v - 709. Determine w(2).
127
Let p(c) = 1714*c - 3461. What is p(2)?
-33
Let b(c) = c**2 - 23*c + 96. Give b(18).
6
Let f(v) = -106*v + 489. Determine f(5).
-41
Let v(r) = r**2 + 985*r - 14030. Give v(14).
-44
Let y(g) = -181*g + 2716. Calculate y(15).
1
Let z(c) = 156*c - 1048. Determine z(7).
44
Let u(q) = -q**3 + 2*q**2 - 5*q + 58. Calculate u(5).
-42
Let f(g) = 4*g**3 - 56*g**2 + 12*g + 9. Determine f(14).
177
Let q(d) = -d**3 + 15*d**2 + 17*d - 76. Give q(14).
358
Let f(v) = v**3 + 3*v**2 + 35*v + 5. Give f(-5).
-220
Let o(z) = -4*z**3 - 44*z**2 - 10*z - 50. Determine o(-11).
60
Let f(b) = -b**2 + 27*b + 1002. Calculate f(48).
-6
Let y(z) = z**3 - 4*z**2 - 9*z + 1. Give y(3).
-35
Let g(c) = 10*c**2 - 48*c + 47. Determine g(1).
9
Let d(r) = 40*r + 33. Give d(-2).
-47
Let y(c) = 31*c + 2016. Give y(-66).
-30
Let p(q) = 204*q - 194. Determine p(1).
10
Let o(t) = 12*t + 16. Determine o(-10).
-104
Let f(g) = 2*g**3 + 19*g**2 - 2*g + 89. Give f(-10).
9
Let w(j) = 413*j - 2485. What is w(6)?
-7
Let g(n) = -n**2 + 1062*n + 9553. Determine g(-9).
-86
Let l(n) = 23*n**2 + 267*n + 530. Calculate l(-9).
-10
Let h(x) = x**2 + 6*x - 26. Give h(-19).
221
Let f(r) = 5*r**3 - 84*r**2 - 2*r - 56. Give f(17).
199
Let p(d) = -37*d + 48. Calculate p(4).
-100
Let x(r) = -3*r**2 + 34*r - 70. Calculate x(9).
-7
Let h(v) = -5*v**2 + 165*v + 8. What is h(33)?
8
Let q(r) = r**3 - 64*r**2 - 179*r - 1469. Give q(67).
5
Let m(k) = 7*k - 153. Determine m(11).
-76
Let m(k) = k**3 - 38*k**2 - 55*k + 626. Calculate m(39).
2
Let m(n) = 507*n + 121. What is m(1)?
628
Let i(f) = 327*f + 1556. Calculate i(-5).
-79
Let m(c) = c**3 + 38*c**2 - 169*c - 139. Determine m(-42).
-97
Let p(w) = -w**2 + 2*w + 721. Give p(28).
-7
Let t(o) = -89*o**2 - 3825*o + 76. What is t(-43)?
-10
Let f(t) = 75*t + 1800. Give f(-21).
225
Let q(g) = 131*g - 681. Determine q(5).
-26
Let i(p) = 2*p**2 - 14*p - 38. Determine i(13).
118
Let d(s) = s**3 - 6*s**2 + 22*s - 56. What is d(7)?
147
Let o(m) = -m**2 + 76*m + 18. Calculate o(76).
18
Let g(r) = -2*r**3 - 12*r**2 + 120*r + 702. What is g(-6)?
-18
Let p(l) = -19*l**2 - 591*l + 568. What is p(-32)?
24
Let r(u) = -2*u**2 - 85*u - 874. What is r(-18)?
8
Let o(d) = -d**3 - 20*d**2 - 3*d + 66. Calculate o(-20).
126
Let v(j) = -5*j**2 + 779*j + 2545. Calculate v(159).
1
Let p(n) = -51*n - 338. Calculate p(-7).
19
Let g(n) = 451*n + 17556. Give g(-39).
-33
Let a(o) = 3*o**3 + 23*o**2 - 2*o + 61. Determine a(-8).
13
Let v(l) = -l**3 - 9*l**2 - 27*l - 40. Determine v(-6).
14
Let b(x) = -6*x + 22. Calculate b(-6).
58
Let p(d) = 8*d**3 + 245*d**2 - 103*d - 316. Give p(-31).
-6
Let n(v) = -14*v**2 + 252*v + 40. Calculate n(16).
488
Let f(z) = -z**3 - 7*z**2 - 15*z - 52. What is f(-6)?
2
Let t(r) = r**2 - 5220*r - 15678. Give t(-3).
-9
Let w(c) = 502*c + 5936. Calculate w(-12).
-88
Let g(a) = 483*a - 53133. Give g(110).
-3
Let b(g) = g**3 + 11*g**2 - 6*g + 73. Calculate b(-9).
289
Let h(t) = -t**3 + 80*t**2 - 237*t + 478. Determine h(77).
16
Let a(u) = -50334*u - 100664. What is a(-2)?
4
Let j(b) = -b**2 - 73*b - 133. Calculate j(-71).
9
Let p(r) = -r**3 - 31*r**2 + 9*r + 199. Give p(-31).
-80
Let g(k) = 21*k**2 - 799*k + 25. What is g(38)?
-13
Let q(h) = 33*h - 623. Give q(20).
37
Let u(k) = -13*k**2 - 3*k + 4. Determine u(-2).
-42
Let i(u) = 6*u**2 - 35*u + 94. Determine i(10).
344
Let f(n) = 1635*n + 49056. Determine f(-30).
6
Let c(n) = 2*n**3 + 17*n**2 + 19*n + 120. Calculate c(-9).
-132
Let b(i) = 37*i + 257. Determine b(-6).
35
Let t(o) = -2*o**3 + 66*o**2 - 59*o + 14. Calculate t(32).
174
Let r(v) = -24*v - 1759. Calculate r(-62).
-271
Let z(b) = -b**3 + 182*b**2 - 534*b + 4. Determine z(3).
13
Let c(g) = g - 55. What is c(-17)?
-72
Let h(p) = -p**3 - 17*p**2 + 3. Determine h(-4).
-205
Let c(i) = -34*i - 14. Determine c(-2).
54
Let q(g) = 885*g + 8835. Determine q(-10).
-15
Let h(p) = 6*p + 77. Give h(-13).
-1
Let n(f) = -23*f + 54. Calculate n(2).
8
Let k(r) = -66*r**2 - 1201*r + 1008. What is k(-19)?
1
Let w(m) = 88*m - 32. Determine w(-1).
-120
Let b(n) = -6*n**2 - 13*n - 34. Give b(-3).
-49
Let g(n) = -919*n + 1835. Give g(2).
-3
Let u(s) = s**3 + 9*s**2 - 43*s - 77. Determine u(-12).
7
Let j(b) = -84*b + 4709. Determine j(56).
5
Let q(m) = -28*m - 534. What is q(-6)?
-366
Let a(v) = 68*v - 882. Give a(13).
2
Let u(v) = -v**3 + v**2 + 61*v - 196. Determine u(6).
-10
Let x(j) = 6656*j + 166408. Determine x(-25).
8
Let h(q) = -2*q**2 - 170*q - 1. Give h(-85).
-1
Le